{"id":107,"date":"2024-06-14T15:09:32","date_gmt":"2024-06-14T13:09:32","guid":{"rendered":"https:\/\/claudieburel-herve.fr\/?page_id=107"},"modified":"2025-07-28T14:53:11","modified_gmt":"2025-07-28T12:53:11","slug":"cours","status":"publish","type":"page","link":"https:\/\/claudieburel-herve.fr\/index.php\/cours\/","title":{"rendered":"Cours"},"content":{"rendered":"\t\t<div data-elementor-type=\"wp-page\" data-elementor-id=\"107\" class=\"elementor elementor-107\">\n\t\t\t\t<div class=\"elementor-element elementor-element-cf1f234 e-grid e-con-boxed e-con e-parent\" data-id=\"cf1f234\" data-element_type=\"container\" data-e-type=\"container\">\n\t\t\t\t\t<div class=\"e-con-inner\">\n\t\t\t\t<div class=\"elementor-element elementor-element-a78a75c elementor-widget elementor-widget-image\" data-id=\"a78a75c\" data-element_type=\"widget\" data-e-type=\"widget\" data-widget_type=\"image.default\">\n\t\t\t\t<div class=\"elementor-widget-container\">\n\t\t\t\t\t\t\t\t\t\t\t\t\t\t\t<img fetchpriority=\"high\" decoding=\"async\" width=\"567\" height=\"425\" src=\"http:\/\/claudieburel-herve.fr\/wp-content\/uploads\/2024\/06\/dossier-mise-en-crin.jpg\" class=\"attachment-large size-large wp-image-115\" alt=\"\" srcset=\"http:\/\/claudieburel-herve.fr\/wp-content\/uploads\/2024\/06\/dossier-mise-en-crin.jpg 567w, http:\/\/claudieburel-herve.fr\/wp-content\/uploads\/2024\/06\/dossier-mise-en-crin-300x225.jpg 300w\" sizes=\"(max-width: 567px) 100vw, 567px\" \/>\t\t\t\t\t\t\t\t\t\t\t\t\t\t\t<\/div>\n\t\t\t\t<\/div>\n\t\t\t\t<div class=\"elementor-element elementor-element-6fbd724 elementor-widget elementor-widget-heading\" data-id=\"6fbd724\" data-element_type=\"widget\" data-e-type=\"widget\" data-widget_type=\"heading.default\">\n\t\t\t\t<div class=\"elementor-widget-container\">\n\t\t\t\t\t<h2 class=\"elementor-heading-title elementor-size-default\">Apprendre et partager<\/h2>\t\t\t\t<\/div>\n\t\t\t\t<\/div>\n\t\t\t\t<div class=\"elementor-element elementor-element-877dff5 elementor-widget elementor-widget-text-editor\" data-id=\"877dff5\" data-element_type=\"widget\" data-e-type=\"widget\" data-widget_type=\"text-editor.default\">\n\t\t\t\t<div class=\"elementor-widget-container\">\n\t\t\t\t\t\t\t\t\t<p><span dir=\"auto\" style=\"vertical-align: inherit;\"><span dir=\"auto\" style=\"vertical-align: inherit;\">2025 va marquer un petit changement car je vais ouvrir mon atelier \u00e0 des cours particuliers. <\/span><\/span><br \/><span dir=\"auto\" style=\"vertical-align: inherit;\"><span dir=\"auto\" style=\"vertical-align: inherit;\">Ils seront : <\/span><\/span><br \/><span dir=\"auto\" style=\"vertical-align: inherit;\"><span dir=\"auto\" style=\"vertical-align: inherit;\">&#8211; en individuel, <\/span><\/span><br \/><span dir=\"auto\" style=\"vertical-align: inherit;\"><span dir=\"auto\" style=\"vertical-align: inherit;\">&#8211; en petit groupe de 2 ou 3 personnes.\u00a0<\/span><\/span><\/p><p><span dir=\"auto\" style=\"vertical-align: inherit;\"><span dir=\"auto\" style=\"vertical-align: inherit;\">L&#8217;inscription au cours couvrira les heures de formation. <\/span><\/span><br \/><span dir=\"auto\" style=\"vertical-align: inherit;\"><span dir=\"auto\" style=\"vertical-align: inherit;\">Les fournitures, et mat\u00e9riaux de base : sangle, clou, agrafe, ouate, crin v\u00e9g\u00e9tal, crin animal, toile blanche, corde, ressorts, seront \u00e0 votre charge (pr\u00e9voir 80\u20ac environ). Vous pourrez acheter vos tissus de couverture en boutique ou \u00e0 l&#8217;atelier. <\/span><\/span><br \/><span dir=\"auto\" style=\"vertical-align: inherit;\"><span dir=\"auto\" style=\"vertical-align: inherit;\">Je pr\u00eaterai aussi une partie de mes outils, mais je vous confierai surtout mon savoir-faire et mes conseils.<\/span><\/span><\/p>\t\t\t\t\t\t\t\t<\/div>\n\t\t\t\t<\/div>\n\t\t\t\t<div class=\"elementor-element elementor-element-b957f5d elementor-widget elementor-widget-image\" data-id=\"b957f5d\" data-element_type=\"widget\" data-e-type=\"widget\" data-widget_type=\"image.default\">\n\t\t\t\t<div class=\"elementor-widget-container\">\n\t\t\t\t\t\t\t\t\t\t\t\t\t\t\t<img decoding=\"async\" width=\"1024\" height=\"768\" src=\"http:\/\/claudieburel-herve.fr\/wp-content\/uploads\/2024\/06\/IMG_0960-1024x768.jpg\" class=\"attachment-large size-large wp-image-177\" alt=\"\" srcset=\"http:\/\/claudieburel-herve.fr\/wp-content\/uploads\/2024\/06\/IMG_0960-1024x768.jpg 1024w, http:\/\/claudieburel-herve.fr\/wp-content\/uploads\/2024\/06\/IMG_0960-300x225.jpg 300w, http:\/\/claudieburel-herve.fr\/wp-content\/uploads\/2024\/06\/IMG_0960-768x576.jpg 768w, http:\/\/claudieburel-herve.fr\/wp-content\/uploads\/2024\/06\/IMG_0960-1536x1152.jpg 1536w, http:\/\/claudieburel-herve.fr\/wp-content\/uploads\/2024\/06\/IMG_0960.jpg 1885w\" sizes=\"(max-width: 1024px) 100vw, 1024px\" \/>\t\t\t\t\t\t\t\t\t\t\t\t\t\t\t<\/div>\n\t\t\t\t<\/div>\n\t\t\t\t\t<\/div>\n\t\t\t\t<\/div>\n\t\t\t\t<\/div>\n\t\t","protected":false},"excerpt":{"rendered":"<p>Apprendre et partager 2025 va marquer un petit changement car je vais ouvrir mon atelier \u00e0 des cours particuliers. Ils seront : &#8211; en individuel, &#8211; en petit groupe de 2 ou 3 personnes.\u00a0 L&#8217;inscription au cours couvrira les heures de formation. Les fournitures, et mat\u00e9riaux de base : sangle, clou, agrafe, ouate, crin v\u00e9g\u00e9tal, &hellip; <\/p>\n","protected":false},"author":1,"featured_media":0,"parent":0,"menu_order":0,"comment_status":"closed","ping_status":"closed","template":"","meta":{"footnotes":""},"class_list":["post-107","page","type-page","status-publish","hentry","latest_post"],"_links":{"self":[{"href":"https:\/\/claudieburel-herve.fr\/index.php\/wp-json\/wp\/v2\/pages\/107","targetHints":{"allow":["GET"]}}],"collection":[{"href":"https:\/\/claudieburel-herve.fr\/index.php\/wp-json\/wp\/v2\/pages"}],"about":[{"href":"https:\/\/claudieburel-herve.fr\/index.php\/wp-json\/wp\/v2\/types\/page"}],"author":[{"embeddable":true,"href":"https:\/\/claudieburel-herve.fr\/index.php\/wp-json\/wp\/v2\/users\/1"}],"replies":[{"embeddable":true,"href":"https:\/\/claudieburel-herve.fr\/index.php\/wp-json\/wp\/v2\/comments?post=107"}],"version-history":[{"count":13,"href":"https:\/\/claudieburel-herve.fr\/index.php\/wp-json\/wp\/v2\/pages\/107\/revisions"}],"predecessor-version":[{"id":331,"href":"https:\/\/claudieburel-herve.fr\/index.php\/wp-json\/wp\/v2\/pages\/107\/revisions\/331"}],"wp:attachment":[{"href":"https:\/\/claudieburel-herve.fr\/index.php\/wp-json\/wp\/v2\/media?parent=107"}],"curies":[{"name":"wp","href":"https:\/\/api.w.org\/{rel}","templated":true}]}}