{"id":95,"date":"2024-06-14T17:05:19","date_gmt":"2024-06-14T15:05:19","guid":{"rendered":"https:\/\/claudieburel-herve.fr\/?page_id=95"},"modified":"2025-07-28T15:00:44","modified_gmt":"2025-07-28T13:00:44","slug":"presentation","status":"publish","type":"page","link":"https:\/\/claudieburel-herve.fr\/index.php\/presentation\/","title":{"rendered":"Pr\u00e9sentation"},"content":{"rendered":"\t\t<div data-elementor-type=\"wp-page\" data-elementor-id=\"95\" class=\"elementor elementor-95\">\n\t\t\t\t<div class=\"elementor-element elementor-element-0cbbb12 e-flex e-con-boxed e-con e-parent\" data-id=\"0cbbb12\" data-element_type=\"container\" data-e-type=\"container\">\n\t\t\t\t\t<div class=\"e-con-inner\">\n\t\t\t\t<div class=\"elementor-element elementor-element-395180d elementor-widget elementor-widget-text-editor\" data-id=\"395180d\" data-element_type=\"widget\" data-e-type=\"widget\" data-widget_type=\"text-editor.default\">\n\t\t\t\t<div class=\"elementor-widget-container\">\n\t\t\t\t\t\t\t\t\t<p><strong><span dir=\"auto\" style=\"vertical-align: inherit;\"><span dir=\"auto\" style=\"vertical-align: inherit;\">Claudie Burel-Herv\u00e9<\/span><\/span><\/strong><span dir=\"auto\" style=\"vertical-align: inherit;\"><span dir=\"auto\" style=\"vertical-align: inherit;\"> exerce le m\u00e9tier de tapissi\u00e8re \u00e0 son compte depuis 1984. Apr\u00e8s son baccalaur\u00e9at sciences \u00e9conomiques en 1979, elle est re\u00e7ue en 1983 major de la promotion au CAP de Tapissier-garnisseur du CFA de Rouen.<\/span><\/span><\/p><p><span dir=\"auto\" style=\"vertical-align: inherit;\"><span dir=\"auto\" style=\"vertical-align: inherit;\">Aidant depuis son adolescence dans l&#8217;atelier familial, elle a \u00e9galement appris les diff\u00e9rentes techniques de <\/span><\/span><strong><span dir=\"auto\" style=\"vertical-align: inherit;\"><span dir=\"auto\" style=\"vertical-align: inherit;\">travail du cuir<\/span><\/span><\/strong><span dir=\"auto\" style=\"vertical-align: inherit;\"><span dir=\"auto\" style=\"vertical-align: inherit;\"> aux c\u00f4t\u00e9s de son p\u00e8re de formation bourrelier-sellier tapissier-garnisseur qui fut par la suite son ma\u00eetre d&#8217;apprentissage.\u00a0<\/span><\/span><\/p><p><span dir=\"auto\" style=\"vertical-align: inherit;\"><span dir=\"auto\" style=\"vertical-align: inherit;\">Travaillant sur des si\u00e8ges du classique au contemporain, Claudie Burel-Herv\u00e9 <\/span><\/span><strong><span dir=\"auto\" style=\"vertical-align: inherit;\"><span dir=\"auto\" style=\"vertical-align: inherit;\">confectionne ou r\u00e9pare les garnitures traditionnelles<\/span><\/span><\/strong><span dir=\"auto\" style=\"vertical-align: inherit;\"><span dir=\"auto\" style=\"vertical-align: inherit;\"> en crin animal ou v\u00e9g\u00e9tal (ma\u00eetrise de la garniture piqu\u00e9e) et aussi semi-traditionnelles, mousses, bultex, latex.<\/span><\/span><\/p><p><span dir=\"auto\" style=\"vertical-align: inherit;\"><span dir=\"auto\" style=\"vertical-align: inherit;\">Ses conseils avis\u00e9s sur les choix des tissus en fonction du go\u00fbt et de l&#8217;habitat de ses clients l&#8217;am\u00e8ne \u00e0 se fournir chez un grand nombre d&#8217;\u00e9diteurs\/cr\u00e9ateurs de tissus proposant un bel \u00e9ventail de couleurs, motifs et mat\u00e9riaux (lin, laine, coton, soie, synth\u00e9tique, cuir&#8230;).\u00a0<\/span><\/span><\/p><p><span dir=\"auto\" style=\"vertical-align: inherit;\"><span dir=\"auto\" style=\"vertical-align: inherit;\">La confection de rideaux, paravents, t\u00eates de lit, matelas (laine) et sommiers sur mesure font \u00e9galement partie de ses comp\u00e9tences.\u00a0<\/span><\/span><\/p><p><span dir=\"auto\" style=\"vertical-align: inherit;\"><span dir=\"auto\" style=\"vertical-align: inherit;\">Claudie Burel-Herv\u00e9 collabore \u00e9troitement avec des \u00e9b\u00e9nistes- sculpteurs, ferronniers et peintres sp\u00e9cialis\u00e9s, \u00e0 effectuer les restaurations des ch\u00e2ssis et f\u00fbts endommag\u00e9s par le temps ou \u00e0 la cr\u00e9ation de si\u00e8ges contemporains parfois expos\u00e9s hors de nos fronti\u00e8res.\u00a0<\/span><\/span><\/p><p><span dir=\"auto\" style=\"vertical-align: inherit;\"><span dir=\"auto\" style=\"vertical-align: inherit;\">Depuis plusieurs ann\u00e9es, elle expose r\u00e9guli\u00e8rement en Normandie avec <\/span><\/span><strong><span dir=\"auto\" style=\"vertical-align: inherit;\"><span dir=\"auto\" style=\"vertical-align: inherit;\">l&#8217;Association des M\u00e9tiers d&#8217;Art de la Vall\u00e9e d&#8217;Eure (MAVE)<\/span><\/span><\/strong><span dir=\"auto\" style=\"vertical-align: inherit;\"><span dir=\"auto\" style=\"vertical-align: inherit;\"> dans des lieux prestigieux tels que les ch\u00e2teaux d&#8217;Acquigny, de Bizy, de Gaillon, participe \u00e9galement au salon de l&#8217;artisanat de Rouen avec l&#8217;AADN (Artisans d&#8217;Art De Normandie) et manifestations des Journ\u00e9es Europ\u00e9ennes des M\u00e9tiers d&#8217;Art (JEMA).<\/span><\/span><\/p><p><span dir=\"auto\" style=\"vertical-align: inherit;\"><span dir=\"auto\" style=\"vertical-align: inherit;\">Elle re\u00e7oit en 2024 la <\/span><\/span><strong><span dir=\"auto\" style=\"vertical-align: inherit;\"><span dir=\"auto\" style=\"vertical-align: inherit;\">m\u00e9daille de bronze de la Reconnaissance Artisanale<\/span><\/span><\/strong><span dir=\"auto\" style=\"vertical-align: inherit;\"><span dir=\"auto\" style=\"vertical-align: inherit;\"> pour son engagement et ses actions qui contribuent au maintien, au d\u00e9veloppement et \u00e0 la promotion de l&#8217;artisanat.<\/span><\/span><\/p>\t\t\t\t\t\t\t\t<\/div>\n\t\t\t\t<\/div>\n\t\t\t\t<div class=\"elementor-element elementor-element-c834cee elementor-widget-divider--view-line elementor-widget elementor-widget-divider\" data-id=\"c834cee\" data-element_type=\"widget\" data-e-type=\"widget\" data-widget_type=\"divider.default\">\n\t\t\t\t<div class=\"elementor-widget-container\">\n\t\t\t\t\t\t\t<div class=\"elementor-divider\">\n\t\t\t<span class=\"elementor-divider-separator\">\n\t\t\t\t\t\t<\/span>\n\t\t<\/div>\n\t\t\t\t\t\t<\/div>\n\t\t\t\t<\/div>\n\t\t\t\t<div class=\"elementor-element elementor-element-57520e7 elementor-widget elementor-widget-heading\" data-id=\"57520e7\" data-element_type=\"widget\" data-e-type=\"widget\" data-widget_type=\"heading.default\">\n\t\t\t\t<div class=\"elementor-widget-container\">\n\t\t\t\t\t<h2 class=\"elementor-heading-title elementor-size-default\">Moments clefs :<\/h2>\t\t\t\t<\/div>\n\t\t\t\t<\/div>\n\t\t\t\t\t<\/div>\n\t\t\t\t<\/div>\n\t\t<div class=\"elementor-element elementor-element-3601c34 e-flex e-con-boxed e-con e-parent\" data-id=\"3601c34\" data-element_type=\"container\" data-e-type=\"container\">\n\t\t\t\t\t<div class=\"e-con-inner\">\n\t\t<div class=\"elementor-element elementor-element-3e9d4a0 e-con-full e-flex e-con e-child\" data-id=\"3e9d4a0\" data-element_type=\"container\" data-e-type=\"container\">\n\t\t\t\t<div class=\"elementor-element elementor-element-43eca57 elementor-widget elementor-widget-image\" data-id=\"43eca57\" data-element_type=\"widget\" data-e-type=\"widget\" data-widget_type=\"image.default\">\n\t\t\t\t<div class=\"elementor-widget-container\">\n\t\t\t\t\t\t\t\t\t\t\t\t\t\t\t<img fetchpriority=\"high\" decoding=\"async\" width=\"1024\" height=\"691\" src=\"https:\/\/claudieburel-herve.fr\/wp-content\/uploads\/2024\/06\/Photo-94-1024x691.jpg\" class=\"attachment-large size-large wp-image-131\" alt=\"\" srcset=\"https:\/\/claudieburel-herve.fr\/wp-content\/uploads\/2024\/06\/Photo-94-1024x691.jpg 1024w, https:\/\/claudieburel-herve.fr\/wp-content\/uploads\/2024\/06\/Photo-94-300x203.jpg 300w, https:\/\/claudieburel-herve.fr\/wp-content\/uploads\/2024\/06\/Photo-94-768x518.jpg 768w, https:\/\/claudieburel-herve.fr\/wp-content\/uploads\/2024\/06\/Photo-94-1536x1037.jpg 1536w, https:\/\/claudieburel-herve.fr\/wp-content\/uploads\/2024\/06\/Photo-94.jpg 1662w\" sizes=\"(max-width: 1024px) 100vw, 1024px\" \/>\t\t\t\t\t\t\t\t\t\t\t\t\t\t\t<\/div>\n\t\t\t\t<\/div>\n\t\t\t\t<div class=\"elementor-element elementor-element-21feefe elementor-widget elementor-widget-heading\" data-id=\"21feefe\" data-element_type=\"widget\" data-e-type=\"widget\" data-widget_type=\"heading.default\">\n\t\t\t\t<div class=\"elementor-widget-container\">\n\t\t\t\t\t<h4 class=\"elementor-heading-title elementor-size-default\">CAP 1983<\/h4>\t\t\t\t<\/div>\n\t\t\t\t<\/div>\n\t\t\t\t<div class=\"elementor-element elementor-element-242857e elementor-widget elementor-widget-text-editor\" data-id=\"242857e\" data-element_type=\"widget\" data-e-type=\"widget\" data-widget_type=\"text-editor.default\">\n\t\t\t\t<div class=\"elementor-widget-container\">\n\t\t\t\t\t\t\t\t\t<p>Laur\u00e9ate du CAP Tapissier-D\u00e9corateur en 1983 au CFA Bonsecours de ROUEN.<\/p>\t\t\t\t\t\t\t\t<\/div>\n\t\t\t\t<\/div>\n\t\t\t\t<\/div>\n\t\t<div class=\"elementor-element elementor-element-21a7265 e-con-full e-flex e-con e-child\" data-id=\"21a7265\" data-element_type=\"container\" data-e-type=\"container\">\n\t\t\t\t<div class=\"elementor-element elementor-element-7685867 elementor-widget elementor-widget-image\" data-id=\"7685867\" data-element_type=\"widget\" data-e-type=\"widget\" data-widget_type=\"image.default\">\n\t\t\t\t<div class=\"elementor-widget-container\">\n\t\t\t\t\t\t\t\t\t\t\t\t\t\t\t<img decoding=\"async\" width=\"1024\" height=\"768\" src=\"https:\/\/claudieburel-herve.fr\/wp-content\/uploads\/2024\/06\/IMG_5733-1024x768.jpg\" class=\"attachment-large size-large wp-image-119\" alt=\"\" srcset=\"https:\/\/claudieburel-herve.fr\/wp-content\/uploads\/2024\/06\/IMG_5733-1024x768.jpg 1024w, https:\/\/claudieburel-herve.fr\/wp-content\/uploads\/2024\/06\/IMG_5733-300x225.jpg 300w, https:\/\/claudieburel-herve.fr\/wp-content\/uploads\/2024\/06\/IMG_5733-768x576.jpg 768w, https:\/\/claudieburel-herve.fr\/wp-content\/uploads\/2024\/06\/IMG_5733-1536x1152.jpg 1536w, https:\/\/claudieburel-herve.fr\/wp-content\/uploads\/2024\/06\/IMG_5733-2048x1536.jpg 2048w\" sizes=\"(max-width: 1024px) 100vw, 1024px\" \/>\t\t\t\t\t\t\t\t\t\t\t\t\t\t\t<\/div>\n\t\t\t\t<\/div>\n\t\t\t\t<div class=\"elementor-element elementor-element-c9fc224 elementor-widget elementor-widget-heading\" data-id=\"c9fc224\" data-element_type=\"widget\" data-e-type=\"widget\" data-widget_type=\"heading.default\">\n\t\t\t\t<div class=\"elementor-widget-container\">\n\t\t\t\t\t<h4 class=\"elementor-heading-title elementor-size-default\">La MAVE<\/h4>\t\t\t\t<\/div>\n\t\t\t\t<\/div>\n\t\t\t\t<div class=\"elementor-element elementor-element-b641c85 elementor-widget elementor-widget-text-editor\" data-id=\"b641c85\" data-element_type=\"widget\" data-e-type=\"widget\" data-widget_type=\"text-editor.default\">\n\t\t\t\t<div class=\"elementor-widget-container\">\n\t\t\t\t\t\t\t\t\t<p>En 2010 j&#8217;int\u00e8gre l&#8217;association des M\u00e9tiers d&#8217;art de la vall\u00e9e d&#8217;Eure afin d&#8217;organiser et de participer \u00e0 des expositions.<\/p>\t\t\t\t\t\t\t\t<\/div>\n\t\t\t\t<\/div>\n\t\t\t\t<\/div>\n\t\t<div class=\"elementor-element elementor-element-6b02890 e-con-full e-flex e-con e-child\" data-id=\"6b02890\" data-element_type=\"container\" data-e-type=\"container\">\n\t\t\t\t<div class=\"elementor-element elementor-element-8bc4fc9 elementor-widget elementor-widget-image\" data-id=\"8bc4fc9\" data-element_type=\"widget\" data-e-type=\"widget\" data-widget_type=\"image.default\">\n\t\t\t\t<div class=\"elementor-widget-container\">\n\t\t\t\t\t\t\t\t\t\t\t\t\t\t\t<img decoding=\"async\" src=\"https:\/\/claudieburel-herve.fr\/wp-content\/uploads\/2024\/06\/Remise-medaille-claudie.jpg\" title=\"Remise m\u00e9daille claudie\" alt=\"Remise m\u00e9daille claudie\" loading=\"lazy\" \/>\t\t\t\t\t\t\t\t\t\t\t\t\t\t\t<\/div>\n\t\t\t\t<\/div>\n\t\t\t\t<div class=\"elementor-element elementor-element-ea6a8a1 elementor-widget elementor-widget-heading\" data-id=\"ea6a8a1\" data-element_type=\"widget\" data-e-type=\"widget\" data-widget_type=\"heading.default\">\n\t\t\t\t<div class=\"elementor-widget-container\">\n\t\t\t\t\t<h4 class=\"elementor-heading-title elementor-size-default\">Reconnaissance artisanale<\/h4>\t\t\t\t<\/div>\n\t\t\t\t<\/div>\n\t\t\t\t<div class=\"elementor-element elementor-element-7e10ac3 elementor-widget elementor-widget-text-editor\" data-id=\"7e10ac3\" data-element_type=\"widget\" data-e-type=\"widget\" data-widget_type=\"text-editor.default\">\n\t\t\t\t<div class=\"elementor-widget-container\">\n\t\t\t\t\t\t\t\t\t<p>\u00a0J&#8217;ai re\u00e7u la m\u00e9daille de bronze pour 40 ann\u00e9es d&#8217;artisanat et pour mon engagement associatif dans La MAVE, en 2023.<\/p>\t\t\t\t\t\t\t\t<\/div>\n\t\t\t\t<\/div>\n\t\t\t\t<\/div>\n\t\t<div class=\"elementor-element elementor-element-aac4bab e-con-full e-flex e-con e-child\" data-id=\"aac4bab\" data-element_type=\"container\" data-e-type=\"container\">\n\t\t\t\t<div class=\"elementor-element elementor-element-2163a20 elementor-widget elementor-widget-image\" data-id=\"2163a20\" data-element_type=\"widget\" data-e-type=\"widget\" data-widget_type=\"image.default\">\n\t\t\t\t<div class=\"elementor-widget-container\">\n\t\t\t\t\t\t\t\t\t\t\t\t\t\t\t<img decoding=\"async\" width=\"567\" height=\"425\" src=\"https:\/\/claudieburel-herve.fr\/wp-content\/uploads\/2024\/06\/dossier-mise-en-crin.jpg\" class=\"attachment-large size-large wp-image-115\" alt=\"\" srcset=\"https:\/\/claudieburel-herve.fr\/wp-content\/uploads\/2024\/06\/dossier-mise-en-crin.jpg 567w, https:\/\/claudieburel-herve.fr\/wp-content\/uploads\/2024\/06\/dossier-mise-en-crin-300x225.jpg 300w\" sizes=\"(max-width: 567px) 100vw, 567px\" \/>\t\t\t\t\t\t\t\t\t\t\t\t\t\t\t<\/div>\n\t\t\t\t<\/div>\n\t\t\t\t<div class=\"elementor-element elementor-element-978d543 elementor-widget elementor-widget-heading\" data-id=\"978d543\" data-element_type=\"widget\" data-e-type=\"widget\" data-widget_type=\"heading.default\">\n\t\t\t\t<div class=\"elementor-widget-container\">\n\t\t\t\t\t<h4 class=\"elementor-heading-title elementor-size-default\">Cours \u00e0 l'atelier<\/h4>\t\t\t\t<\/div>\n\t\t\t\t<\/div>\n\t\t\t\t<div class=\"elementor-element elementor-element-bf99421 elementor-widget elementor-widget-text-editor\" data-id=\"bf99421\" data-element_type=\"widget\" data-e-type=\"widget\" data-widget_type=\"text-editor.default\">\n\t\t\t\t<div class=\"elementor-widget-container\">\n\t\t\t\t\t\t\t\t\t<p>En 2025 j&#8217;ouvre des cours particuliers ou en petit comit\u00e9 dans mon atelier afin de perp\u00e9tuer mon savoir-faire.<\/p>\t\t\t\t\t\t\t\t<\/div>\n\t\t\t\t<\/div>\n\t\t\t\t<\/div>\n\t\t\t\t\t<\/div>\n\t\t\t\t<\/div>\n\t\t\t\t<\/div>\n\t\t","protected":false},"excerpt":{"rendered":"<p>Claudie Burel-Herv\u00e9 exerce le m\u00e9tier de tapissi\u00e8re \u00e0 son compte depuis 1984. Apr\u00e8s son baccalaur\u00e9at sciences \u00e9conomiques en 1979, elle est re\u00e7ue en 1983 major de la promotion au CAP de Tapissier-garnisseur du CFA de Rouen. Aidant depuis son adolescence dans l&#8217;atelier familial, elle a \u00e9galement appris les diff\u00e9rentes techniques de travail du cuir aux &hellip; <\/p>\n","protected":false},"author":1,"featured_media":0,"parent":0,"menu_order":0,"comment_status":"closed","ping_status":"closed","template":"","meta":{"footnotes":""},"class_list":["post-95","page","type-page","status-publish","hentry","latest_post"],"_links":{"self":[{"href":"https:\/\/claudieburel-herve.fr\/index.php\/wp-json\/wp\/v2\/pages\/95","targetHints":{"allow":["GET"]}}],"collection":[{"href":"https:\/\/claudieburel-herve.fr\/index.php\/wp-json\/wp\/v2\/pages"}],"about":[{"href":"https:\/\/claudieburel-herve.fr\/index.php\/wp-json\/wp\/v2\/types\/page"}],"author":[{"embeddable":true,"href":"https:\/\/claudieburel-herve.fr\/index.php\/wp-json\/wp\/v2\/users\/1"}],"replies":[{"embeddable":true,"href":"https:\/\/claudieburel-herve.fr\/index.php\/wp-json\/wp\/v2\/comments?post=95"}],"version-history":[{"count":25,"href":"https:\/\/claudieburel-herve.fr\/index.php\/wp-json\/wp\/v2\/pages\/95\/revisions"}],"predecessor-version":[{"id":341,"href":"https:\/\/claudieburel-herve.fr\/index.php\/wp-json\/wp\/v2\/pages\/95\/revisions\/341"}],"wp:attachment":[{"href":"https:\/\/claudieburel-herve.fr\/index.php\/wp-json\/wp\/v2\/media?parent=95"}],"curies":[{"name":"wp","href":"https:\/\/api.w.org\/{rel}","templated":true}]}}